{"id":30,"date":"2013-03-28T22:36:08","date_gmt":"2013-03-28T22:36:08","guid":{"rendered":"http:\/\/localhost\/sistemas\/?page_id=30"},"modified":"2013-04-12T03:40:55","modified_gmt":"2013-04-12T03:40:55","slug":"catalogos-online","status":"publish","type":"page","link":"https:\/\/www.nubecix.com\/?page_id=30","title":{"rendered":"Cat\u00e1logos Online"},"content":{"rendered":"<p>Desarrollo de cat\u00e1logos web que requieren\u00a0 capacidad para un amplio listado de productos. El cat\u00e1logo, adem\u00e1s, es de f\u00e1cil manejo en cuanto a los cambios de textos, fotograf\u00edas o fichas de producto. La finalidad es que el cliente autogestione los contenidos (incluso sin experiencia), para no depender de costosos servicios de mantenimiento.<br \/>\nEl panel gestor del cat\u00e1logo contiene estas funciones:<br \/>\n1.\u00a0Adaptaci\u00f3n autom\u00e1tica del tama\u00f1o de la fotograf\u00edas del cat\u00e1logo.<br \/>\n2.\u00a0Desarrollo de \u00e1reas para la explicaci\u00f3n del producto.<br \/>\n3.\u00a0Sencillo manejo de las fichas t\u00e9cnicas del producto.<br \/>\n4.\u00a0Presentaci\u00f3n de precios y pre-programaci\u00f3n para solicitud de pedidos.<\/p>\n<p>&nbsp;<\/p>\n<p><img decoding=\"async\" class=\"aligncenter\" alt=\"\" src=\"http:\/\/semiconductoresperu.com\/images\/laptopsemiconductor.png\" \/><\/p>\n","protected":false},"excerpt":{"rendered":"<p>Desarrollo de cat\u00e1logos web que requieren\u00a0 capacidad para un amplio listado de productos. El cat\u00e1logo, adem\u00e1s, es de f\u00e1cil manejo en cuanto a los cambios de textos, fotograf\u00edas o fichas de producto. La finalidad es que el cliente autogestione los [&hellip;]<\/p>\n","protected":false},"author":1,"featured_media":0,"parent":0,"menu_order":0,"comment_status":"open","ping_status":"open","template":"","meta":{"footnotes":""},"_links":{"self":[{"href":"https:\/\/www.nubecix.com\/index.php?rest_route=\/wp\/v2\/pages\/30"}],"collection":[{"href":"https:\/\/www.nubecix.com\/index.php?rest_route=\/wp\/v2\/pages"}],"about":[{"href":"https:\/\/www.nubecix.com\/index.php?rest_route=\/wp\/v2\/types\/page"}],"author":[{"embeddable":true,"href":"https:\/\/www.nubecix.com\/index.php?rest_route=\/wp\/v2\/users\/1"}],"replies":[{"embeddable":true,"href":"https:\/\/www.nubecix.com\/index.php?rest_route=%2Fwp%2Fv2%2Fcomments&post=30"}],"version-history":[{"count":5,"href":"https:\/\/www.nubecix.com\/index.php?rest_route=\/wp\/v2\/pages\/30\/revisions"}],"predecessor-version":[{"id":88,"href":"https:\/\/www.nubecix.com\/index.php?rest_route=\/wp\/v2\/pages\/30\/revisions\/88"}],"wp:attachment":[{"href":"https:\/\/www.nubecix.com\/index.php?rest_route=%2Fwp%2Fv2%2Fmedia&parent=30"}],"curies":[{"name":"wp","href":"https:\/\/api.w.org\/{rel}","templated":true}]}}